 a(l) = -7*l + 44. What is a(5)?
9
Let t(q) = -2*q**2 + 26*q - 3. Calculate t(12).
21
Let f(h) = h**2 - 8*h - 2. What is f(6)?
-14
Let f(n) = -3*n - 3. What is f(16)?
-51
Let v(a) = 2*a**2 + 12*a - 11. Give v(1).
3
Let b(f) = -f**2 + 10*f - 4. Calculate b(7).
17
Let r(u) = -u**2 + 12*u + 3. What is r(6)?
39
Let c(x) = 39*x**2 - 5*x - 6. What is c(-1)?
38
Let a(k) = -k**2 - 17*k - 78. Calculate a(-9).
-6
Let b(w) = -7*w**3 + 4*w**2 - w. Give b(2).
-42
Let a(t) = 5*t**3 + 2*t**2 - 2*t - 1. What is a(1)?
4
Let o(l) = 14*l + 5. Determine o(-3).
-37
Let x(u) = -53*u - 419. Determine x(-8).
5
Let n(o) = -o**3 - 5*o**2 + 4*o + 9. Calculate n(-6).
21
Let i(n) = -n**2 - 10*n. Calculate i(-6).
24
Let q(z) = -z**2 - 16*z + 22. Give q(-18).
-14
Let i(x) = 2*x**3 - 2*x**2 - x + 1. Determine i(1).
0
Let a(z) = -z**2 + 19*z - 24. Calculate a(19).
-24
Let n(b) = -b**3 + 3*b**2 + 2*b + 1. Determine n(3).
7
Let m(l) = l**3 - 5*l**2 + 5*l. What is m(4)?
4
Let q(n) = 5*n + 211. Determine q(-47).
-24
Let i(x) = x**2 - 13. Calculate i(-5).
12
Let r(h) = -h**3 - 20*h**2 + h + 17. Determine r(-20).
-3
Let n(c) = -c - 84. Calculate n(-7).
-77
Let o(z) = z**2 - 10*z + 35. Calculate o(6).
11
Let o(a) = -a**3 + a**2 + a + 17. What is o(0)?
17
Let v(h) = -10*h - 9. Determine v(-3).
21
Let z(o) = -23*o + 3. Calculate z(2).
-43
Let k(s) = s**2 - 29*s - 22. What is k(30)?
8
Let v(k) = -2*k - 4. What is v(-6)?
8
Let k(a) = 3*a + 15. What is k(-3)?
6
Let q(t) = -4*t - 96. What is q(-24)?
0
Let n(w) = 14*w + 1. Give n(2).
29
Let c(m) = m**3 - 6*m**2 - 19*m. What is c(8)?
-24
Let f(m) = -m**3 + 9*m**2 - 8*m + 3. Calculate f(8).
3
Let m(i) = 9*i - 33. What is m(3)?
-6
Let y(c) = c**2 + 8*c + 1. Calculate y(-7).
-6
Let p(u) = 18*u + 8. Give p(-1).
-10
Let u(d) = d + 32. Calculate u(-14).
18
Let b(c) = 2*c**3 + 11*c**2 + 29*c + 3. Give b(-4).
-65
Let p(i) = -i**3 + 4*i**2 - 5*i + 6. Calculate p(3).
0
Let l(c) = c - 1. Calculate l(-2).
-3
Let t(z) = 8*z - 14. Calculate t(7).
42
Let y(f) = -4*f**2 - f. Calculate y(-1).
-3
Let d(f) = -f**3 - 40*f**2 - 36*f + 113. Give d(-39).
-4
Let k(b) = b**2 + b + 2. Determine k(5).
32
Let n(m) = m**2 + 12*m - 6. Determine n(-13).
7
Let b(r) = r**3 + r**2 - 7*r + 7. Calculate b(5).
122
Let k(h) = -h**3 + h**2 + 8*h + 4. Calculate k(4).
-12
Let w(x) = x**2 - 4*x + 3. Determine w(3).
0
Let b(s) = s**3 + 41*s + 5. Determine b(0).
5
Let l(f) = -f**2 - 14*f + 5. Give l(-14).
5
Let p(g) = 15*g + 2. What is p(1)?
17
Let l(u) = 4*u - 29. What is l(9)?
7
Let v(f) = -f - 126. Calculate v(-26).
-100
Let s(i) = i**2 - 8*i - 5. What is s(8)?
-5
Let y(n) = -n**3 + 2*n + 3. What is y(-4)?
59
Let d(s) = s**2 + 7*s + 12. Give d(-6).
6
Let v(o) = -2*o**2 + 25*o - 73. Give v(6).
5
Let o(x) = x**3 - 11*x**2 + 21*x + 19. Calculate o(8).
-5
Let a(g) = -g**2 + 13*g + 6. Calculate a(13).
6
Let w(r) = r + 13. Calculate w(-9).
4
Let n(w) = -w - 9. Determine n(-3).
-6
Let i(d) = d**2 + 18*d + 4. Calculate i(-16).
-28
Let a(y) = y**3 - 9*y**2 - y - 11. Calculate a(9).
-20
Let w(y) = 4*y**2 - 2*y + 7. Determine w(3).
37
Let p(o) = o**3 + o**2 + 3*o + 2. Determine p(-1).
-1
Let x(q) = -34*q + 2. Give x(1).
-32
Let v(w) = -7*w + 51. Calculate v(7).
2
Let o(m) = -2*m - 16. Determine o(-11).
6
Let y(p) = 5*p - 2. Determine y(6).
28
Let t(n) = n**3 - 14*n**2 - 17*n + 26. Calculate t(15).
-4
Let u(i) = 54*i + 320. What is u(-6)?
-4
Let i(b) = -6*b - 16. Give i(-2).
-4
Let t(n) = -n**3 + 4*n**2 - 4*n + 6. Give t(3).
3
Let t(b) = b**2 + 13*b - 15. Calculate t(-15).
15
Let z(v) = v**2 - v - 18. Give z(-6).
24
Let n(p) = 3*p**2 - 32*p + 80. What is n(5)?
-5
Let o(p) = -27*p + 9. Give o(3).
-72
Let s(k) = k**3 + 16*k**2 + 29*k + 1. Calculate s(-14).
-13
Let y(x) = 4*x**2 - 190*x + 96. What is y(47)?
2
Let k(l) = -2*l**2 - 28*l - 19. Calculate k(-12).
29
Let u(g) = 43*g**2 + 9*g + 12. Determine u(-2).
166
Let p(m) = 6*m + 1. Give p(6).
37
Let q(t) = 7*t**2 - 15*t + 22. Give q(2).
20
Let p(d) = -d**2 + d - 29. Determine p(0).
-29
Let x(w) = -7*w + 20. Calculate x(6).
-22
Let x(h) = -h**2 + 3*h + 17. What is x(5)?
7
Let f(w) = w**3 - w**2 + w - 5. What is f(3)?
16
Let k(m) = -m**3 - 42*m**2 + 40*m - 127. Give k(-43).
2
Let k(c) = -27*c + 6. Determine k(2).
-48
Let s(d) = 47*d + 89. Determine s(-2).
-5
Let l(h) = h**3 - 28*h**2 + 159*h - 3. Calculate l(8).
-11
Let d(k) = -14*k - 36. What is d(-3)?
6
Let u(o) = -o**3 + o**2 - 2. Calculate u(2).
-6
Let f(s) = 9*s**3 + s**2 + 2*s - 2. Give f(1).
10
Let t(y) = 4*y - 12. What is t(10)?
28
Let g(w) = -w**3 + 7*w**2 + 6*w - 33. Calculate g(7).
9
Let d(k) = 10*k - 2. Calculate d(1).
8
Let v(c) = 13*c**2 - c + 1. What is v(1)?
13
Let c(r) = -2*r**3 + 2*r**2 + 4*r - 1. Determine c(-3).
59
Let v(q) = 2*q**2 + 41*q + 149. Determine v(-16).
5
Let h(s) = s**2 - 10*s + 9. Give h(8).
-7
Let l(n) = 2*n**3 - 2*n**2 - 6*n + 3. Determine l(-2).
-9
Let x(l) = -6*l - 32. Determine x(-8).
16
Let u(y) = 3*y + 40. What is u(-13)?
1
Let u(c) = -21*c - 1226. What is u(-58)?
-8
Let g(z) = z**3 - 26*z**2 - 60*z + 115. Calculate g(28).
3
Let f(n) = n - 5. Give f(0).
-5
Let t(d) = 2*d - 44. Determine t(0).
-44
Let c(n) = -2*n**2 - 9*n + 32. Give c(-10).
-78
Let j(c) = -c**3 - 10*c**2 + 14*c + 4. Give j(-11).
-29
Let b(w) = -5*w + 45. Determine b(9).
0
Let n(z) = 2*z**2 + 13*z + 14. Determine n(-5).
-1
Let u(h) = h + 43. Give u(-12).
31
Let m(g) = -27*g**2 + 1. Determine m(-1).
-26
Let t(k) = -k**2 + 3*k - 4. Give t(2).
-2
Let t(x) = -x**2 + 14*x + 3. Give t(13).
16
Let a(l) = -l**2 - 12*l - 5. Determine a(-5).
30
Let x(t) = -3*t**2 - 2*t + 8. Calculate x(2).
-8
Let i(f) = 31*f + 344. What is i(-11)?
3
Let b(m) = -m**3 - 11*m**2 + 8*m - 51. Give b(-12).
-3
Let z(u) = u + 1. What is z(-3)?
-2
Let h(j) = -j**3 + 3*j**2 - 10*j - 2. Determine h(2).
-18
Let q(d) = 4*d - 68. Give q(17).
0
Let v(s) = -24*s + 89. Give v(4).
-7
Let z(q) = -q**3 + 5*q**2 + 3*q + 3. What is z(5)?
18
Let o(y) = -26*y + 74. What is o(6)?
-82
Let c(n) = 7*n + 79. Calculate c(-6).
37
Let q(h) = 8*h + 107. Give q(-13).
3
Let o(u) = 6*u**3 + u**2 + 5*u + 5. Determine o(-2).
-49
Let u(r) = 5*r**2 - 2*r - 1. Determine u(2).
15
Let z(p) = 4*p - 24. What is z(-9)?
-60
Let s(i) = i**3 + 5*i**2 + 2*i + 12. Calculate s(-5).
2
Let r(c) = -c**2 - 3*c + 1. Calculate r(-4).
-3
Let z(m) = -2*m**3 - m**2 - 3*m - 1. Give z(-2).
17
Let s(t) = t**2 + 22*t - 168. Calculate s(6).
0
Let b(h) = -h**3 - 7*h**2 - 7*h - 26. Give b(-7).
23
Let p(y) = 2*y**3 - 2*y**2 + 3*y - 2. Calculate p(3).
43
Let k(h) = -h**3 + 9*h**2 + 10*h + 6. Give k(10).
6
Let i(m) = -m**3 + 12*m**2 - 21*m + 7. Give i(10).
-3
Let k(m) = -37*m - 3. Give k(3).
-114
Let r(c) = -5*c**2 + 39*c - 5. What is r(8)?
-13
Let s(b) = -b**3 - 8*b**2 - 12*b + 8. What is s(-6)?
8
Let y(k) = -2*k**3 + 2*k**2 + 8*k - 2. What is y(3)?
-14
Let b(j) = -j**3 + 2*j**2 + 8*j - 3. What is b(-3)?
18
Let v(c) = 71*c**3 + 2*c**2 + 3*c + 1. Give v(-1).
-71
Let h(f) = f**3 - 8*f**2 + 4*f - 5. Calculate h(7).
-26
Let x(b) = -b**2 - 8*b - 1. Calculate x(-8).
-1
Let j(r) = -r**2 + 9*r - 5. What is j(5)?
15
Let w(v) = 11*v - 851. What is w(77)?
-4
Let d(t) = 4*t**2 - 52*t + 3. Determine d(13).
3
Let p(r) = -2*r**2 - 4*r + 1. What is p(5)?
-69
Let r(l) = -l**2 - 10*l - 5. Determine r(-9).
4
Let p(x) = -x**3 - 13*x**2 - x - 9. Give p(-13).
4
Let i(u) = 2*u**3 - u**2 + u - 40. What is i(0)?
-40
Let c(i) = 2*i**2 - 10*i - 43. Calculate c(7).
-15
Let b(p) = -9*p - 129. Determine b(-14).
-3
Let b(w) = -w**3 - 11*w**2 + 2*w - 9. Calculate b(-11).
-31
Let x(w) = -w**3 - 6*w**2 + 6*w + 9. Give x(-6).
-27
Let t(v) = v**2 + 21*v - 13. What is t(-19)?
-51
Let u(f) = -f**2 - 31*f - 25. Calculate u(-28).
59
Let m(o) = -3*o**2 - 20*o + 96. What is m(-10)?
-4
Let h(i) = -2*i**2 - 8*i. What is h(-6)?
-24
Let s(z) = z**3 + 7*z**2 - 2*z + 3. What is s(-7)?
17
Let u(s) = -92*s**3 + s**2 - s. What is u(1)?
-92
Let i(x) = x**2 - 7*x - 1. Determine i(1).
-7
Let r(a) = -a**2 - 273*a + 829. Give r(3).
1
Let k(c) = -c**3 - 22*c**2 - 114*c + 41. Determine k(-13).
2
Let x(j) = -j**3 - 4*j**2 + 7*j + 10. Calculate x(-6).
40
Let j(w) = -w - 12. Determine j(-14).
2
Let g(c) = 122*c - 971. What is g(8)?
5
Let w(o) = 4*o**2 + 4*o - 13. What is w(2)?
11
Let m(j) = j**3 - 5*j**2 - 5*j - 1. Determine m(6).
5
Let h(u) =